git of x?
1
Let y be -2 - -33*(-19)/1. Let q = 1197 + y. What is the units digit of q?
8
Let y(b) = 31*b - 18. Let s(u) = 17*u - 8. Let i(o) = 7*s(o) - 4*y(o). Suppose 0*a + 18 = -2*a. What is the tens digit of i(a)?
6
Suppose 5*z = 15, 414 = 2*m + 2*z - 0*z. Suppose -6*r + 9 = -5*r. Suppose 5*j = r*j - m. What is the units digit of j?
1
Let o(n) = -4*n**2 - 359*n - 234. What is the tens digit of o(-43)?
0
Suppose -1032 - 1007 + 660 = -p. What is the tens digit of p?
7
What is the thousands digit of (-36)/9 + (-39752)/(-16)*22 - 4?
4
Suppose -7*j + 27 = 6. Suppose j*z - 186 = -a + 2*a, -z - 4*a = -49. What is the units digit of z?
1
What is the hundreds digit of 577/(-5193) + 192511/9?
3
Suppose -5*b + 25 = -85. Let a(p) = p**3 - 23*p**2 + 22*p + 18. Let q be a(b). What is the units digit of (-30)/q - (-1880)/12?
5
Let o(q) = -2*q**2 + 36*q + 21. Let s be o(17). Let x = 58 - s. What is the units digit of 23/(x/72*4*2)?
9
Let g = -47 + 50. Suppose 992 = 5*x - 3*j, 3*x - 532 = -g*j + 44. What is the hundreds digit of x?
1
Let f(y) = 4*y**2 - 8*y - 15. Let q(w) = -w**2 - 1. Suppose -2 = -x - 3. Let m(h) = x*f(h) - 6*q(h). What is the hundreds digit of m(-9)?
1
Suppose 0 = 5*o - 5*u - 10, -3*u + 4 = 5*o - 6. Suppose -668 = -o*l + 164. What is the units digit of l?
6
Let i = -5728 - -8947. What is the units digit of i?
9
What is the units digit of 679128/39 + 486/1053?
4
Let k(n) = 2*n**2 - 17*n + 10. Let x(z) = -z + 1. Let c(u) = -k(u) + 2*x(u). Let f be c(6). Let b = 86 + f. What is the units digit of b?
6
Let y(t) = -15*t**3 - 9*t**2 - t - 9. Let u be y(-3). Let i = u + 747. What is the units digit of i?
5
Let r(g) = -g**3 - 5*g**2 + 15*g + 8. Let j be r(-7). Let n(i) = 2*i**3 + i**2 - 2*i + 2. Let q be n(j). Let w = 73 - q. What is the tens digit of w?
7
Suppose 16*h - 21 = -2*g + 13*h, 4*h = 20. Let c(o) = 16*o**3 - 3*o**2 + 6*o - 11. What is the hundreds digit of c(g)?
4
Suppose -42 = t - 0*t. Let p = 2970 - 3026. Let u = t - p. What is the units digit of u?
4
Let p(u) = 29*u - 151. Let c(i) = 30*i - 152. Let v(n) = -5*c(n) + 6*p(n). What is the units digit of v(10)?
4
Let i(w) = -17*w**2 - 11*w - 22. Let s(m) = -16*m**2 - 10*m - 23. Let z(t) = -5*i(t) + 6*s(t). Let v be z(7). Let d = -413 - v. What is the hundreds digit of d?
1
Let u be 2/4*(7 - -6 - -573). Let z = 21 + u. What is the units digit of z?
4
Suppose 4*q - 3*w = 2*w + 8, -3*q - 2*w = -6. Suppose 0 = -3*m + 5*h + 1394, -4*m + q*m - 2*h = -908. Suppose 12*g = 14*g - m. What is the tens digit of g?
2
Let y = 663 + -377. Suppose 118*t - 117*t - 4*l - 50 = 0, -35 = 5*l. Suppose t*k - 23*k + y = 0. What is the hundreds digit of k?
2
Let q(m) = 26*m**2 + 2*m. Let j be q(-1). Suppose 19*z - 340 = j*z. Let n = z + 83. What is the units digit of n?
5
Let b(j) = -2*j**3 - 2*j**2 - 8*j - 9. Let q be (18/15)/(9/30 - 0). Suppose q*m + 17 = -s - 0*s, 2*s = -2. What is the units digit of b(m)?
9
Let w = 145 - 145. Suppose 2*r + r + z - 302 = w, 0 = -4*r + 3*z + 381. Suppose n - 2*f - 117 = -0*f, n = -4*f + r. What is the units digit of n?
1
What is the tens digit of 234961/9 - (19 - 865/45)?
0
What is the hundreds digit of (150/(-20) - 17)*496/(-14)?
8
Let h(w) = 5*w**2 - 9*w + 11. Let p = -81 + 86. Let o be h(p). Suppose 2*t = -u + 3*u - 164, -u = 2*t - o. What is the tens digit of u?
8
Let i = 4 - -5. What is the units digit of (i + -13)*-1 + 134/2?
1
Let c(x) = -1352*x - 6. Let u = -106 - -105. What is the thousands digit of c(u)?
1
Suppose -45 - 3 = 8*x. What is the tens digit of (-2 + (-21)/x)*366?
4
Suppose -26*f - 15048 = -14*f. Let h = f - -1779. What is the units digit of h?
5
Let w be 1/(-2) - (-57)/(-30)*5. What is the units digit of w/((52/432)/(-13))?
0
Let v be -2 - ((-15)/3 - -3). Suppose v = -2*s - 2 + 6. Suppose 5*o - 230 = s*u, -4*u + 54 = 4*o - 130. What is the tens digit of o?
4
Suppose 88572 = -32*y + 959410 + 338602. What is the ten thousands digit of y?
3
Let b(t) be the second derivative of -117*t**5/20 - 2*t**3 - 29*t**2/2 + 15*t - 2. What is the hundreds digit of b(-2)?
9
Let k = -13 + 17. Suppose 0 = -k*c - 187 + 39. Let i = c + 76. What is the tens digit of i?
3
Let n be (46/6)/(13/6240). Let k = n - 2514. What is the units digit of k?
6
Let q = 6727 + 16687. What is the tens digit of q?
1
Let b(o) = -80*o**3 + 5*o**2 + 8*o + 6. Let k(w) = w**2 + 11*w + 28. Let h be k(-5). What is the hundreds digit of b(h)?
6
Suppose -p - 382 = -3*a, -5*a - 5*p = -p - 614. Let t be 8/(-12) + 60/9. What is the units digit of (a/35)/(t/15)?
9
Suppose 40*b - 1333559 = 1560161. What is the hundreds digit of b?
3
Let w(c) = 151*c**2 + 57*c - 61. What is the ten thousands digit of w(-11)?
1
Let x be 14/77 - 4/22 - -15. Suppose -45 = 6*p - x*p. What is the units digit of ((-286)/p)/(10/(-25))?
3
Let v = 41995 - 28439. What is the hundreds digit of v?
5
Let u be (238/4)/((-6)/(-24)). Suppose -u = -11*y + 433. What is the units digit of y?
1
What is the thousands digit of ((-2288)/507 - 4/26)*1855692/(-152)?
6
Let j(t) = -t**3 + 30*t**2 + 77*t - 4. What is the tens digit of j(19)?
3
What is the thousands digit of (5 - (-4)/(-3)) + -4 + (-43708)/(-21)?
2
Let u = 70444 + -47408. What is the hundreds digit of u?
0
Let o(q) = 117*q**2 + 115*q - 1182. What is the thousands digit of o(8)?
7
What is the thousands digit of -5*9*(6 - 6790/30)?
9
Let z = -6265 - -10677. What is the tens digit of z?
1
Let t be 6/((-6)/(-2)) - 1. Suppose -t - 6 = -g. Suppose -10*q + 73 = -g. What is the units digit of q?
8
Suppose 60*k = 62*k + 78. Let x = 46 + k. Suppose 67 = -x*u + 963. What is the tens digit of u?
2
Let t(i) = 228*i - 812. What is the units digit of t(4)?
0
What is the hundreds digit of 2 - -10*(1 + (-5550)/(-4))?
8
Suppose 89 + 10 = -11*v. Let h be (12/v + 1)/(5/(-3315)). Suppose -9*t + 994 + h = 0. What is the tens digit of t?
3
Let l = -4007 + 7297. What is the thousands digit of l?
3
Suppose 5*n = 2*j + 180885, -4*n + 2*j + 111008 = -33702. What is the tens digit of n?
7
What is the thousands digit of (-21)/(-49) - 4/(-3)*16083918/532?
0
Suppose -4*g + 9*g + 2*k = 6543, 2*g + k = 2618. What is the hundreds digit of g?
3
Suppose 0 = -v - 4*v + 940. Let z(x) = 2*x**2 - 111*x - 4080. Let j be z(-28). Suppose q - v = -10*d + 15*d, d - j = -3*q. What is the tens digit of q?
9
Let r = 1266 - 93. Suppose 0 = -4*t + r + 1211. What is the tens digit of t?
9
Let l be (1 + (-6)/4)*(-50)/(-5). Let k(x) = x**3 + 7*x**2 + 2*x + 11. Let p be k(l). Suppose 5*y - 236 + p = 0. What is the tens digit of y?
3
Let l = -33 - -19. Let d(s) = -12 - 8*s**3 + 3*s**3 - 13*s**2 + 2*s + 4*s + 4*s**3. What is the units digit of d(l)?
0
Let q(x) = x**2 + 9*x + 9. Let t be q(-6). What is the hundreds digit of (-2364)/t - 29/(-87)?
2
Let w = 21047 - 14506. What is the hundreds digit of w?
5
Let u = -6659 + 15087. What is the hundreds digit of u?
4
Let j be 92278/87*6/(-4). What is the hundreds digit of j/(-7) - (-6)/(-21)?
2
Let l(w) = w**3 - 13*w**2 - 13*w + 1. Let s be l(15). What is the hundreds digit of s/1 - (-22 + 28)?
2
Let s be ((-5)/3)/((-30)/36). Suppose 5*k = 3*h + 4, h - 8 = -s*h - k. Suppose -t - 2 = c, 5*t - h*c - c = 14. What is the units digit of t?
1
Let z = 13698 + 16518. What is the hundreds digit of z?
2
Let a(i) = -i**3 + 5*i + 4. Let c be a(-2). Let x = -1 - c. What is the tens digit of (-209)/x + 4*1/12?
7
Let f(r) = r**3 - 3*r**2 + 3*r + 1. Let z be f(2). Let y = -177 + 176. What is the tens digit of y/(-3) + (z - (-946)/6)?
6
Let k(d) = -d**2 - 7*d - 427. Let z be k(0). Let c = 59 - z. What is the tens digit of c?
8
Suppose 2*c = -4*w + 15402, 5*c - 9*w = -12*w + 38498. What is the hundreds digit of c?
6
Let i(d) = 2*d**2 + 3*d**2 - 3*d + 4*d + 16. Let t = -2444 + 2438. What is the hundreds digit of i(t)?
1
Let s be 771/(-3 - -4) - 5/1. Suppose 318 = 2*r + 3*u - s, 0 = 5*r + 3*u - 2692. What is the units digit of r?
6
What is the hundreds digit of ((-3)/(-4))/(28089012/3120992 + -9)?
8
Suppose 2*r - 77792 = 2*y, -3*r + 73361 + 43323 = -y. What is the hundreds digit of r?
8
Let b(x) = -x**3 - x**2 + x. Let j(n) = 210*n**3 + 3*n**2 - 7*n + 8. Let d(o) = -6*b(o) - j(o). What is the units digit of d(-2)?
4
What is the tens digit of (-2)/8 + (-7720061)/(-1508) - 4/26?
1
Let o = 8127 + -6839. What is the h